is the remainder when w is divided by 73?
65
Let r = 653 + -458. What is the remainder when r is divided by 23?
11
Let r = -180 - -195. Calculate the remainder when 72 is divided by r.
12
Suppose -16*t = 10*t - 2236. Calculate the remainder when 132 is divided by t.
46
Suppose 33 = -0*u + 3*u. Calculate the remainder when 43 is divided by u.
10
Suppose 61 - 19 = 2*t. Suppose -12*l = -7*l - 200. What is the remainder when l is divided by t?
19
Let b(y) = -y**2 + y + 8. Suppose 2*z = 10, 3*k = -z + 9 - 4. Let c be b(k). Calculate the remainder when 98 is divided by 22 - (-2 + c)/(-2).
23
Suppose s - 3915 = -3*k, 23*k - 2606 = 21*k - 2*s. Calculate the remainder when k is divided by 109.
107
Suppose 1260 = 4*q + 428. Calculate the remainder when q is divided by 42.
40
Let w(j) = -10*j + 1. Let h be w(-2). Let y = 18 - h. Calculate the remainder when (88/6)/((-2)/y) is divided by 6.
4
Let w = 98 - 44. Let u(s) = 3*s**2 + 2*s - 2. Suppose -5*m + 18 = 8. Calculate the remainder when w is divided by u(m).
12
Let b be 4/24 + 1714/12 + 3. Let h = b - 41. Let p(k) = 2*k**2 - 2*k + 3. What is the remainder when h is divided by p(-3)?
24
Let i(q) = q**2 - 5*q + 49. Suppose 2*l = 4*l - u, 3*u = 3*l. What is the remainder when i(l) is divided by (-138)/(-8) - 1/4?
15
Let y(s) be the first derivative of -s**2/2 + 6*s - 2. Let m be y(0). Let l(z) = -z**2 + 10*z - 5. What is the remainder when 73 is divided by l(m)?
16
Let q = 0 + 3. Suppose -h + 4 = -q. Let f(g) = -g**3 + 8*g**2 - 6*g + 10. Calculate the remainder when 31 is divided by f(h).
14
Let o be 4/(-14) + 115/35. Suppose 4*v - 51 = v. Suppose 0 = 4*c + v - 5, 4*d + o*c = 51. What is the remainder when 74 is divided by d?
14
Let d = 30 + -26. Suppose -d = -i + 5. Calculate the remainder when 26 is divided by i.
8
Suppose 4*a = -3*h + h + 412, 308 = 3*a + h. Let t = -52 + 31. Let i = t - -47. What is the remainder when a is divided by i?
24
Suppose 360 = 4*l - 0*l. Suppose -a - l = -3*a. Let r = -52 - -75. What is the remainder when a is divided by r?
22
Suppose 10*j - 159 = -59. Suppose b + 3*b = g + 8, 2*g = -3*b + 17. Calculate the remainder when j is divided by g.
2
Let m = -677 + 704. Calculate the remainder when 373 is divided by m.
22
Let p = -18 - -61. What is the remainder when p is divided by 15?
13
Let y = 496 + -380. Calculate the remainder when 116 is divided by y.
0
Let h = -1 + 6. Suppose 0*j = -h*j + 475. Suppose 2*v - 96 = -2*v. What is the remainder when j is divided by v?
23
Suppose -7 = -3*f + 5. Suppose 0 = 4*g + 3*o - 108, -g - f*o = o - 44. Calculate the remainder when 118 is divided by g.
22
Let x(t) = -2*t - 11 + 13 + t. What is the remainder when 10 is divided by x(-5)?
3
Let v = -221 - -249. Suppose 3*l = 6*l - 54. Calculate the remainder when v is divided by l.
10
Let c = 231 + -146. Calculate the remainder when c is divided by 22.
19
Let b(o) = -4*o + 43. Let n be b(-10). Suppose 82 + n = 5*f. What is the remainder when f is divided by 19?
14
Let v(r) = 19*r + 9. Calculate the remainder when 25 is divided by v(0).
7
Suppose 8*y - 494 = -246. Suppose 2*r = -2 + 8. Suppose a + r*a = 68. What is the remainder when y is divided by a?
14
Let w(z) = 3*z**2 + 5*z - 4. Let a = -57 + 52. What is the remainder when w(a) is divided by 24?
22
Let h = 3778 + -3756. Suppose -42 = -3*o - 3*l, 0 = -o - 3*l - 0 + 18. What is the remainder when h is divided by o?
10
Let o(t) = t**3 + 5*t**2 - 5*t - 5. Let y be o(-5). Suppose 5*x - 3*x = y. What is the remainder when 33 is divided by x + (0 - (-1 - -4))?
5
Let r(a) = 2*a**2 - 35*a + 21. Let v be r(17). What is the remainder when 55 is divided by (50/(-1))/(-5) + v?
13
Let s(n) = 77*n**2 - 3*n. Let u be s(-1). Let k be 2/(-4) - 361/(-2). Suppose 5*p - k = u. What is the remainder when p is divided by 14?
10
Let c(a) = 0 - 6 + 3*a - 7. Let p(v) = -v**3 + 8*v**2 + 10*v - 3. Let d be p(9). What is the remainder when c(d) is divided by 2?
1
Suppose 30*o - 815 - 1465 = 0. What is the remainder when o is divided by 26?
24
Let k(b) = 7*b**2 + 2*b + 7. Let y be k(-3). Suppose i - 4*s = 38, -2*i - 7*s + y = -3*s. Suppose i = a + a. What is the remainder when a is divided by 10?
7
Suppose -125*l + 4049 = 174. What is the remainder when -339*-1*2/2 is divided by l?
29
Suppose -2*l + p + 30 = 0, -5*l + 4*l + 15 = p. What is the remainder when 27 is divided by l?
12
Let s(p) = -17 + 19 - 20 - 9*p**2 + 11*p + p**3. Let v(g) = -g**3 - 7*g**2 - 8*g - 2. What is the remainder when v(-6) is divided by s(8)?
4
Suppose -23 = -7*f - 9. Suppose 0 = 2*m - 4*u + u - 23, 54 = 4*m + f*u. What is the remainder when 64 is divided by m?
12
Let t be ((-21)/(-18) - 4/6)*34. Suppose -13*z = -t*z + 16. What is the remainder when 45 is divided by z?
1
Suppose 0 = 4*n + 39 + 1. Calculate the remainder when ((-32)/n)/((-288)/150 + 2) is divided by 14.
12
Let q(f) = -29*f - 149. What is the remainder when q(-12) is divided by 108?
91
Let m(y) = 8*y**2 + y + 9. Let z be m(3). Let f = -66 + z. Calculate the remainder when f is divided by 10.
8
Let n(a) = a**2 - 2*a - 6. Let u be n(5). Let t = u - -1. Let v = 28 + -1. Calculate the remainder when v is divided by t.
7
Suppose -2*s - 30 + 119 = 5*v, -3*s = -v - 108. Calculate the remainder when 184 is divided by s.
36
Let f(s) = -2*s**3 - 43*s**2 + 66*s + 33. Calculate the remainder when 223 is divided by f(-23).
19
Suppose 5*o = 10, 2*c - 18 - 14 = -3*o. What is the remainder when 893 is divided by c?
9
Suppose 3*f = 6*f - 291. What is the remainder when f is divided by 35?
27
Let r = -252 - -269. Calculate the remainder when 73 is divided by r.
5
Suppose 0 = -2*v + 24 + 30. Calculate the remainder when 129 is divided by v.
21
Suppose 9*x - 790 = 128. What is the remainder when x is divided by 21?
18
Calculate the remainder when (8 - (11 - 5))*446/4 is divided by 58.
49
Let b(m) = 21*m + 395. Calculate the remainder when 58 is divided by b(-18).
7
Let g(c) = 2*c + 2. Suppose 4*h + 0*h + 5*d = -537, 5*h - 4*d + 620 = 0. Let v = -82 - h. What is the remainder when v is divided by g(5)?
10
Let t = -12 - -37. Suppose 5*g = 5*r + 10, 66 = -2*g + r + 75. Calculate the remainder when t is divided by g.
4
What is the remainder when (-9)/(-2) - 3255/(-70) is divided by 17?
0
Let j be 23 - 9/((-18)/8). Suppose 102 = 3*p - 3*d, -4*p + 195 = 4*d + j. Let c = 89 + p. Calculate the remainder when c is divided by 26.
23
What is the remainder when 314/4 + 1/2 is divided by 54/(3 + 2/(-2))?
25
Let x = 127 + -57. Let b be (-47)/423 + (-200)/(-18). Suppose 3*c - x = -4*o, b = o + c - 7. Calculate the remainder when 46 is divided by o.
14
Let p be (3 - 530/(-4))*2. Calculate the remainder when p/7 + 4/14 is divided by 20.
19
Suppose -3*h = j - 16, 0*j - 5*j + 5*h + 160 = 0. Suppose -4*z + 18 + 202 = 0. What is the remainder when z is divided by j?
27
Let p(b) be the third derivative of 3*b**4/2 + 10*b**2. Let z be p(1). Suppose -2*r = -4*r + z. What is the remainder when 48 is divided by r?
12
Let r(u) = u**2 + 9*u + 20. Calculate the remainder when 54 is divided by r(-9).
14
Let n = 146 + -13. Suppose n - 8 = 5*t. Suppose 3*r - 41 = -o, -12 = 2*r - 2*o - 34. What is the remainder when t is divided by r?
12
Suppose 5*u = 3*d - 94, 5*d - 4*u - 105 = -6*u. Suppose 5*r - 98 = -3*h + 302, 5*r - 670 = -5*h. Calculate the remainder when h is divided by d.
20
Let o = -18 - -15. Let i be (-20)/15 - 76/o. Suppose -i = 3*l - 6*l. Calculate the remainder when l is divided by 3.
2
Let a(o) = o**2 + 6*o + 14. Let m(y) = y**3 - 4*y**2 - 16*y + 19. Let f be m(6). What is the remainder when a(f) is divided by 3?
0
Calculate the remainder when 215 is divided by (-8 + 98)/(-9) + 41.
29
Let r = -38 + 92. Let f = -11 + r. Suppose 2*m - 19 = -i, -4*m = 5*i - i - 32. Calculate the remainder when f is divided by m.
10
Let w(t) be the third derivative of t**5/60 - 7*t**4/24 - 5*t**3/6 - t**2 + 60. Suppose g + 28 = 3*g. What is the remainder when w(g) is divided by 32?
29
Calculate the remainder when 115 is divided by 6136/143 - 1/(-11).
29
Let y(m) = -m + 6. Let b(o) = o - 1. Let g(h) = -3*b(h) - y(h). Let l be g(-3). Suppose -p + l = 1. Calculate the remainder when 4 is divided by p.
0
Let t = -489 - -740. What is the remainder when t is divided by 43?
36
Let l = -369 - -